rime factors of 945?
3, 5, 7
What are the prime factors of 63402?
2, 3, 10567
List the prime factors of 13016.
2, 1627
List the prime factors of 32137.
7, 4591
What are the prime factors of 4843?
29, 167
List the prime factors of 170.
2, 5, 17
List the prime factors of 23158.
2, 11579
What are the prime factors of 8852?
2, 2213
List the prime factors of 248.
2, 31
List the prime factors of 2430.
2, 3, 5
What are the prime factors of 2982?
2, 3, 7, 71
What are the prime factors of 11520?
2, 3, 5
List the prime factors of 22065.
3, 5, 1471
List the prime factors of 579.
3, 193
What are the prime factors of 793?
13, 61
What are the prime factors of 18243?
3, 2027
What are the prime factors of 367?
367
What are the prime factors of 2185?
5, 19, 23
List the prime factors of 1665.
3, 5, 37
List the prime factors of 952.
2, 7, 17
List the prime factors of 9809.
17, 577
What are the prime factors of 3847?
3847
What are the prime factors of 9534?
2, 3, 7, 227
What are the prime factors of 9613?
9613
What are the prime factors of 18890?
2, 5, 1889
List the prime factors of 5663.
7, 809
List the prime factors of 6333.
3, 2111
What are the prime factors of 53865?
3, 5, 7, 19
What are the prime factors of 7767?
3, 863
What are the prime factors of 9517?
31, 307
List the prime factors of 32671.
37, 883
List the prime factors of 1099.
7, 157
What are the prime factors of 416?
2, 13
List the prime factors of 65217.
3, 21739
What are the prime factors of 58514?
2, 17, 1721
List the prime factors of 9995.
5, 1999
List the prime factors of 192.
2, 3
List the prime factors of 176.
2, 11
List the prime factors of 13639.
23, 593
List the prime factors of 1714.
2, 857
List the prime factors of 514.
2, 257
What are the prime factors of 43052?
2, 47, 229
What are the prime factors of 1651?
13, 127
What are the prime factors of 380?
2, 5, 19
What are the prime factors of 500?
2, 5
List the prime factors of 11002.
2, 5501
List the prime factors of 5132.
2, 1283
List the prime factors of 25148.
2, 6287
What are the prime factors of 47949?
3, 11, 1453
What are the prime factors of 79417?
13, 41, 149
List the prime factors of 15036.
2, 3, 7, 179
What are the prime factors of 3986?
2, 1993
What are the prime factors of 547?
547
List the prime factors of 60440.
2, 5, 1511
List the prime factors of 23180.
2, 5, 19, 61
What are the prime factors of 3884?
2, 971
List the prime factors of 6294.
2, 3, 1049
What are the prime factors of 2651?
11, 241
List the prime factors of 857.
857
List the prime factors of 718.
2, 359
What are the prime factors of 19313?
7, 31, 89
List the prime factors of 16.
2
List the prime factors of 1093.
1093
List the prime factors of 13921.
13921
List the prime factors of 17440.
2, 5, 109
What are the prime factors of 30490?
2, 5, 3049
What are the prime factors of 98883?
3, 10987
What are the prime factors of 6440?
2, 5, 7, 23
List the prime factors of 88129.
88129
List the prime factors of 6444.
2, 3, 179
What are the prime factors of 2237?
2237
List the prime factors of 614.
2, 307
List the prime factors of 2528.
2, 79
What are the prime factors of 29459?
89, 331
List the prime factors of 7935.
3, 5, 23
What are the prime factors of 15?
3, 5
List the prime factors of 2206.
2, 1103
List the prime factors of 9564.
2, 3, 797
What are the prime factors of 6006?
2, 3, 7, 11, 13
What are the prime factors of 82816?
2, 647
List the prime factors of 177534.
2, 3, 7, 1409
List the prime factors of 1465.
5, 293
List the prime factors of 64.
2
What are the prime factors of 5516?
2, 7, 197
What are the prime factors of 73378?
2, 19, 1931
List the prime factors of 12543.
3, 37, 113
List the prime factors of 867.
3, 17
What are the prime factors of 76056?
2, 3, 3169
What are the prime factors of 105253?
105253
What are the prime factors of 2039?
2039
What are the prime factors of 900?
2, 3, 5
List the prime factors of 1631.
7, 233
List the prime factors of 10342.
2, 5171
List the prime factors of 201.
3, 67
List the prime factors of 954.
2, 3, 53
List the prime factors of 71820.
2, 3, 5, 7, 19
List the prime factors of 23714.
2, 71, 167
What are the prime factors of 20209?
7, 2887
List the prime factors of 46299.
3, 11, 23, 61
List the prime factors of 38640.
2, 3, 5, 7, 23
List the prime factors of 964.
2, 241
What are the prime factors of 1972?
2, 17, 29
What are the prime factors of 140402?
2, 70201
List the prime factors of 18851.
7, 2693
List the prime factors of 628.
2, 157
List the prime factors of 39653.
19, 2087
List the prime factors of 2929.
29, 101
What are the prime factors of 5389?
17, 317
List the prime factors of 1991.
11, 181
List the prime factors of 61663.
7, 23, 383
List the prime factors of 53316.
2, 3, 1481
What are the prime factors of 691?
691
What are the prime factors of 1170?
2, 3, 5, 13
List the prime factors of 436.
2, 109
What are the prime factors of 7229?
7229
What are the prime factors of 3032?
2, 379
List the prime factors of 1121.
19, 59
What are the prime factors of 4461?
3, 1487
What are the prime factors of 22248?
2, 3, 103
What are the prime factors of 22222?
2, 41, 271
List the prime factors of 79106.
2, 37, 1069
What are the prime factors of 20539?
19, 23, 47
What are the prime factors of 4227?
3, 1409
What are the prime factors of 25467?
3, 13, 653
List the prime factors of 856.
2, 107
List the prime factors of 6824.
2, 853
What are the prime factors of 37500?
2, 3, 5
What are the prime factors of 90578?
2, 45289
What are the prime factors of 2823?
3, 941
List the prime factors of 9562.
2, 7, 683
List the prime factors of 107.
107
What are the prime factors of 743?
743
List the prime factors of 75726.
2, 3, 7, 601
What are the prime factors of 9389?
41, 229
List the prime factors of 333.
3, 37
What are the prime factors of 13973?
89, 157
What are the prime factors of 183?
3, 61
List the prime factors of 279.
3, 31
What are the prime factors of 719?
719
List the prime factors of 1358.
2, 7, 97
List the prime factors of 521.
521
List the prime factors of 2049.
3, 683
What are the prime factors of 3233?
53, 61
What are the prime factors of 119755?
5, 43, 557
List the prime factors of 230.
2, 5, 23
List the prime factors of 6874.
2, 7, 491
What are the prime factors of 17327?
17327
List the prime factors of 3462.
2, 3, 577
List the prime factors of 7886.
2, 3943
What are the prime factors of 181?
181
List the prime factors of 106.
2, 53
List the prime factors of 322.
2, 7, 23
What are the prime factors of 44981?
31, 1451
List the prime factors of 5083.
13, 17, 23
List the prime factors of 72220.
2, 5, 23, 157
What are the prime factors of 2469?
3, 823
What are the prime factors of 20718?
2, 3, 1151
What are the prime factors of 26967?
3, 89, 101
List the prime factors of 1181.
1181
List the prime factors of 34737.
3, 11579
What are the prime factors of 395?
5, 79
List the prime factors of 2766.
2, 3, 461
List the prime factors of 8656.
2, 541
What are the prime factors of 13965?
3, 5, 7, 19
What are the prime factors of 49910?
2, 5, 7, 23, 31
What are the prime factors of 1739?
37, 47
List the prime factors of 3371.
3371
List the prime factors of 2671.
2671
List the prime factors of 12178.
2, 6089
List the prime factors of 2691.
3, 13, 23
List the prime factors of 42134.
2, 21067
What are the prime factors of 23443?
7, 17, 197
What are the prime factors of 73?
73
List the prime factors of 29179.
29179
List the prime factors of 2768.
2, 173
List the prime factors of 989.
23, 43
List the prime factors of 375.
3, 5
List the prime factors of 3478.
2, 37, 47
List the prime factors of 34161.
3, 59, 193
What are the prime factors of 1169?
7, 167
What are the prime factors of 96?
2, 3
List the prime factors of 2660.
2, 5, 7, 19
What are the prime factors of 3522?
2, 3, 587
List the prime factors of 31802.
2, 15901
List the prime factors of 127441.
31, 4111
What are the prime factors of 388?
2, 97
What are the prime factors of 488?
2, 61
What are the prime factors of 2748?
2, 3, 229
What are the prime factors of 32257?
32257
List the prime factors of 1857.
3, 619
List the prime factors of 959.
7, 137
What are the prime factors of 117?
3, 13
What are the prime factors of 1667?
1667
What are the prime factors of 7192?
2, 29, 31
List